{"id":15,"date":"2020-02-22T10:56:23","date_gmt":"2020-02-22T09:56:23","guid":{"rendered":"http:\/\/serwer2200102.home.pl\/windykatorzy\/index.php\/faq\/"},"modified":"2020-05-06T16:56:46","modified_gmt":"2020-05-06T14:56:46","slug":"faq","status":"publish","type":"page","link":"http:\/\/windykatorzy.com\/index.php\/faq\/","title":{"rendered":"FAQ"},"content":{"rendered":"<p>[et_pb_section fb_built=&#8221;1&#8243; _builder_version=&#8221;4.3.2&#8243; background_enable_color=&#8221;off&#8221; use_background_color_gradient=&#8221;on&#8221; background_color_gradient_start=&#8221;rgba(255,255,255,0.84)&#8221; background_color_gradient_end=&#8221;rgba(255,255,255,0)&#8221; background_color_gradient_direction=&#8221;130deg&#8221; background_image=&#8221;http:\/\/serwer2200102.home.pl\/windykatorzy\/wp-content\/uploads\/2020\/05\/canary-islands-91013_1280.jpg&#8221; background_blend=&#8221;overlay&#8221; custom_padding=&#8221;7.5%||7.5%||true|&#8221;][et_pb_row use_custom_gutter=&#8221;on&#8221; gutter_width=&#8221;2&#8243; make_equal=&#8221;on&#8221; _builder_version=&#8221;3.25.3&#8243; width=&#8221;98%&#8221; width_tablet=&#8221;90%&#8221; width_phone=&#8221;90%&#8221; width_last_edited=&#8221;on|tablet&#8221; max_width=&#8221;1140px&#8221; max_width_tablet=&#8221;90%&#8221; max_width_phone=&#8221;90%&#8221; max_width_last_edited=&#8221;on|phone&#8221; custom_margin=&#8221;|auto||131px||&#8221; animation_style=&#8221;slide&#8221; animation_direction=&#8221;left&#8221;][et_pb_column type=&#8221;4_4&#8243; _builder_version=&#8221;3.25.3&#8243;][et_pb_text _builder_version=&#8221;4.3.2&#8243; header_font=&#8221;Poppins|700||on|||||&#8221; header_text_color=&#8221;#2c394c&#8221; header_font_size=&#8221;50px&#8221; header_line_height=&#8221;1.1em&#8221; max_width=&#8221;700px&#8221; max_width_tablet=&#8221;70%&#8221; max_width_phone=&#8221;70%&#8221; max_width_last_edited=&#8221;on|tablet&#8221; custom_margin=&#8221;-23px||&#8221; header_font_size_tablet=&#8221;&#8221; header_font_size_phone=&#8221;25px&#8221; header_font_size_last_edited=&#8221;on|desktop&#8221; header_line_height_tablet=&#8221;&#8221; header_line_height_phone=&#8221;1.3em&#8221; header_line_height_last_edited=&#8221;on|desktop&#8221;]<\/p>\n<h1>FAQ &#8211; windykacja<\/h1>\n<p>[\/et_pb_text][et_pb_text _builder_version=&#8221;4.3.2&#8243; text_font=&#8221;Muli||||||||&#8221; text_text_color=&#8221;#000000&#8243; text_font_size=&#8221;18px&#8221; text_line_height=&#8221;1.8em&#8221; text_orientation=&#8221;justified&#8221; max_width=&#8221;489px&#8221; max_width_tablet=&#8221;&#8221; max_width_phone=&#8221;60%&#8221; max_width_last_edited=&#8221;on|desktop&#8221; custom_margin=&#8221;-16px||&#8221;]<\/p>\n<p>Cz\u0142owiek z d\u0142ugami jest jak wrak. Nie zwlekaj! Sp\u0142a\u0107 d\u0142ugi i przesta\u0144 by\u0107 wrakiem cz\u0142owieka. Zacznij \u017cy\u0107 na nowo.<\/p>\n<p>[\/et_pb_text][\/et_pb_column][\/et_pb_row][\/et_pb_section][et_pb_section fb_built=&#8221;1&#8243; _builder_version=&#8221;3.25.3&#8243; custom_padding=&#8221;20px||20px||true|&#8221;][et_pb_row use_custom_gutter=&#8221;on&#8221; make_equal=&#8221;on&#8221; _builder_version=&#8221;4.3.2&#8243; width=&#8221;98%&#8221; width_tablet=&#8221;90%&#8221; width_phone=&#8221;90%&#8221; width_last_edited=&#8221;on|tablet&#8221; max_width=&#8221;1140px&#8221; max_width_tablet=&#8221;90%&#8221; max_width_phone=&#8221;90%&#8221; max_width_last_edited=&#8221;on|phone&#8221;][et_pb_column type=&#8221;4_4&#8243; _builder_version=&#8221;3.25.3&#8243;][et_pb_toggle title=&#8221;Brak zap\u0142aty d\u0142ugu a konsekwencje dla d\u0142u\u017cnika&#8221; _builder_version=&#8221;4.3.2&#8243;]<\/p>\n<p>Brak zap\u0142aty d\u0142ugu wi\u0105\u017ce si\u0119 z szeregiem negatywnych konsekwencji dla d\u0142u\u017cnika. Ze wszystkich si\u0142 doprowadzimy do obni\u017cenia wiarygodno\u015bci finansowej i biznesowej d\u0142u\u017cnika poprzez:<\/p>\n<ul>\n<li>wpisanie d\u0142u\u017cnika do wszelkich mo\u017cliwych biur informacji gospodarczej i rejestr\u00f3w d\u0142ug\u00f3w.<\/li>\n<li>regularne wizyty windykator\u00f3w terenowych w miejscu zamieszkania i aktywno\u015bci zawodowej.<\/li>\n<\/ul>\n<p>Posiadanie statusu d\u0142u\u017cnika mo\u017ce doprowadzi\u0107 r\u00f3wnie\u017c do braku mo\u017cliwo\u015bci skorzystania z produkt\u00f3w bankowych (kredyty, po\u017cyczki), leasing\u00f3w, czy te\u017c z bardziej prozaicznych mo\u017cliwo\u015bci takich jak telefon na abonament czy tv.<\/p>\n<p>[\/et_pb_toggle][et_pb_toggle title=&#8221;Jaki jest koszt skorzystania z us\u0142ug WINDYKATORZY.COM?&#8221; _builder_version=&#8221;4.3.2&#8243; hover_enabled=&#8221;0&#8243;]<\/p>\n<p>WINDYKATORZY.COM stosuj\u0105 jasne i przejrzyste zasady wynagradzania. W umowie okre\u015blamy nasze wynagrodzenie, jako procent od wyegzekwowanej od d\u0142u\u017cnika kwoty wierzytelno\u015bci. Oznacza to, i\u017c nasze standardowe zasady nie przewiduj\u0105 konieczno\u015bci ponoszenia przez klienta jakichkolwiek op\u0142at wst\u0119pnych czy pocz\u0105tkowych. Jednocze\u015bnie, nasi klienci w okre\u015blonych okoliczno\u015bciach maj\u0105 mo\u017cliwo\u015b\u0107 skorzystania z obci\u0105\u017cenia kosztami windykacji i naszego wynagrodzenia d\u0142u\u017cnika. Pozwala to na zachowanie przez klienta pe\u0142nej kwota roszczenia, bez jego pomniejszania o nasz\u0105 prowizj\u0119. Klient jest zobowi\u0105zany jedynie do pokrycia koszt\u00f3w post\u0119powania s\u0105dowego, w przypadku jego zasadno\u015bci.<\/p>\n<p>[\/et_pb_toggle][et_pb_toggle title=&#8221;Jakie sprawy klient mo\u017ce przekaza\u0107 do obs\u0142ugi?&#8221; _builder_version=&#8221;4.3.2&#8243;]<\/p>\n<p>WINDYKATORZY.COM obs\u0142uguj\u0105 wierzytelno\u015bci powsta\u0142e w obrocie gospodarczym pomi\u0119dzy przedsi\u0119biorcami (z tytu\u0142u prowadzonej dzia\u0142alno\u015bci gospodarczej). Przekazywane sprawy musz\u0105 by\u0107 wymagalne i nieprzedawnione. Je\u017celi maj\u0105 Pa\u0144stwo jakiekolwiek w\u0105tpliwo\u015bci zwi\u0105zane z ocen\u0105 danej sprawy zapraszamy do indywidualnych (bezp\u0142atnych) konsultacji pod adresem dluznik@serwer2200102.home.pl<\/p>\n<p>[\/et_pb_toggle][et_pb_toggle title=&#8221;Czy mog\u0119 zleci\u0107 windykacj\u0119 na koszt d\u0142u\u017cnika?&#8221; _builder_version=&#8221;4.3.2&#8243;]<\/p>\n<p>Przepisy art. 10 ustawy z dnia 8 marca 2013 r. o terminach zap\u0142aty w transakcjach handlowych (Dz.U. 2013, poz. 403) przyznaj\u0105 wierzycielowi uprawnienie do \u017c\u0105dania zwrotu koszt\u00f3w odzyskiwania nale\u017cno\u015bci poniesionych na etapie przeds\u0105dowym. W celu dochodzenia takiego zwrotu w zrycza\u0142towanej kwocie stanowi\u0105cej r\u00f3wnowarto\u015b\u0107 40 euro rekompensaty, co do zasady nie ma konieczno\u015bci wykazywania wysoko\u015bci tych koszt\u00f3w.<\/p>\n<p>Rekompensata za koszty odzyskiwania nale\u017cno\u015bci o r\u00f3wnowarto\u015bci 40 euro przys\u0142uguje ka\u017cdemu przedsi\u0119biorcy, kt\u00f3ry spe\u0142ni\u0142 swoje \u015bwiadczenie, a nie otrzyma\u0142 zap\u0142aty w terminie okre\u015blonym w umowie lub fakturze.<\/p>\n<p>Us\u0142uga dot. zad\u0142u\u017cenia, kt\u00f3re:<\/p>\n<ul>\n<li>powsta\u0142o po 27.04.2013 r.,<\/li>\n<li>powsta\u0142o mi\u0119dzy przedsi\u0119biorcami,<\/li>\n<li>jest wynikiem transakcji handlowej (odp\u0142atny handel towarami, odp\u0142atne us\u0142ugi).<\/li>\n<\/ul>\n<p>Jak to dzia\u0142a?<\/p>\n<ul>\n<li>W momencie zamkni\u0119cia sprawy, w kt\u00f3rej dosz\u0142o do ca\u0142o\u015bciowej lub cz\u0119\u015bciowej sp\u0142aty nale\u017cno\u015bci przez d\u0142u\u017cnika, przesy\u0142amy do Pa\u0144stwa faktur\u0119 za wykonanie us\u0142ugi wraz z not\u0105 obci\u0105\u017ceniow\u0105 dla d\u0142u\u017cnika.<\/li>\n<\/ul>\n<p>[\/et_pb_toggle][et_pb_toggle title=&#8221;Gdzie trafiaj\u0105 pieni\u0105dze po ich odzyskaniu od d\u0142u\u017cnika?&#8221; _builder_version=&#8221;4.3.2&#8243;]<\/p>\n<p>Wszystkie wp\u0142aty d\u0142u\u017cnika na poczet obs\u0142ugiwanego zad\u0142u\u017cenia trafiaj\u0105 na konto WINDYKATORZY.COM. Klient otrzymuje nale\u017cne \u015brodki finansowe po odliczeniu prowizji za wykonan\u0105 us\u0142ug\u0119 (do 7 dni roboczych po odnotowaniu wp\u0142aty od d\u0142u\u017cnika).<\/p>\n<p>[\/et_pb_toggle][et_pb_toggle title=&#8221;Czy moge zleci\u0107 WINDYKATORZY.COM spraw\u0119 prowadzon\u0105 przez inn\u0105 firm\u0119?&#8221; _builder_version=&#8221;4.3.2&#8243;]<\/p>\n<p>Tak, podejmujemy si\u0119 tego rodzaju sprawa. Przed przej\u0119ciem takiej sprawy, dok\u0142adnie zapoznajemy si\u0119 z dokumentacj\u0105 i weryfikujemy j\u0105 przed przyst\u0105pieniem do dzia\u0142ania.<br \/>Pragniemy zauwa\u017cy\u0107, i\u017c nie ma minimalnej kwoty od kt\u00f3rej, nale\u017cy prowadzi\u0107 windykacj\u0119. Ka\u017cde zobowi\u0105zanie, nawet to minimalne, podlega uregulowaniu. Dlatego te\u017c nie pozostajemy oboj\u0119tni wobec tego typu d\u0142ug\u00f3w.<\/p>\n<p>[\/et_pb_toggle][et_pb_toggle title=&#8221;Czy mog\u0119 zleci\u0107 windykacj\u0119 wobec sta\u0142ego klienta, bez obawy jego utraty?&#8221; _builder_version=&#8221;4.3.2&#8243;]<\/p>\n<p>Windykacja, nie zawsze oznacza nieprzyjemno\u015bci takie jak egzekucja komornicza. Nasi specjali\u015bci reprezentuj\u0105 wysoki poziom kultury osobistej i maj\u0105 du\u017ce do\u015bwiadczenie w windykacji polubownej, kt\u00f3ra odpowiednio prowadzona nie wp\u0142ywa na relacj\u0119 mi\u0119dzy klientem, a d\u0142u\u017cnikiem. Dzia\u0142amy profesjonalnie a ka\u017cdy nasz krok jest konsultowany z Klientem i to do niego nale\u017cy decyzja o sposobie prowadzenia egzekucji.<\/p>\n<p>[\/et_pb_toggle][et_pb_toggle title=&#8221;Ile trwa windykacja i odzyskanie d\u0142ugu?&#8221; _builder_version=&#8221;4.3.2&#8243;]<\/p>\n<p>Windykacja to proces z\u0142o\u017cony, a jej skuteczno\u015b\u0107 zale\u017cy od wielu czynnik\u00f3w dlatego po zapoznaniu si\u0119 z dokumentami b\u0119dziemy w stanie okre\u015bli\u0107 ramy czasowe dla konkretnej sprawy. To ile b\u0119dziemy czeka\u0107 na zwrot nale\u017cno\u015bci zale\u017cy od dokumentacji jak\u0105 posiadamy i od samego d\u0142u\u017cnika. Niekiedy wystarczy samo wezwanie do zap\u0142aty, kt\u00f3re zmobilizuje d\u0142u\u017cnika do uiszczenia zaleg\u0142o\u015bci ale s\u0105 przypadki gdy konieczne jest skierowanie sprawy do post\u0119powania egzekucyjnego.<\/p>\n<p>[\/et_pb_toggle][et_pb_toggle _builder_version=&#8221;4.3.2&#8243; title=&#8221;D\u0142u\u017cnik pozbywa si\u0119 maj\u0105tku. Co robi\u0107?&#8221; hover_enabled=&#8221;0&#8243;]<\/p>\n<p>W tym przypadku prowadzenie post\u0119powania egzekucyjnego b\u0119dzie mo\u017cliwe, pomimo i\u017c d\u0142u\u017cnik celowo zbywa maj\u0105tek na rzecz os\u00f3b trzecich. W takim przypadku wierzycielowi przys\u0142uguje tzw. skarga paulia\u0144ska, kt\u00f3rej celem jest ochrona wierzyciela na wypadek nieuczciwego post\u0119powania d\u0142u\u017cnika przez wyzbywanie si\u0119 sk\u0142adnik\u00f3w swojego maj\u0105tku na rzecz os\u00f3b trzecich lub obci\u0105\u017cenie tego maj\u0105tku, w stopniu uniemo\u017cliwiaj\u0105cym regulacj\u0119 nale\u017cno\u015bci. Ochrona ta polega na mo\u017cliwo\u015bci zaskar\u017cenia przez wierzyciela krzywdz\u0105cej go czynno\u015bci prawnej celem uznania tej czynno\u015bci za bezskuteczn\u0105 wzgl\u0119dem niego. W przypadku gdy s\u0105d uwzgl\u0119dni to \u017c\u0105danie, wierzyciel uzyskuje mo\u017cliwo\u015b\u0107 dochodzenia zaspokojenia od osoby trzeciej, b\u0119d\u0105cej stron\u0105 czynno\u015bci prawnej uznanej za bezskuteczn\u0105 wobec skar\u017c\u0105cego z ograniczeniem do przedmiot\u00f3w maj\u0105tkowych, kt\u00f3re wskutek zaskar\u017conej czynno\u015bci wysz\u0142y z maj\u0105tku d\u0142u\u017cnika.<\/p>\n<p>[\/et_pb_toggle][\/et_pb_column][\/et_pb_row][\/et_pb_section][et_pb_section fb_built=&#8221;1&#8243; make_equal=&#8221;on&#8221; use_custom_gutter=&#8221;on&#8221; gutter_width=&#8221;2&#8243; specialty=&#8221;on&#8221; _builder_version=&#8221;4.3.2&#8243; background_image=&#8221;http:\/\/serwer2200102.home.pl\/windykatorzy\/wp-content\/uploads\/2020\/02\/photo-of-people-doing-handshakes-3183197.jpg&#8221; parallax=&#8221;on&#8221; parallax_method=&#8221;off&#8221; inner_width=&#8221;98%&#8221; inner_width_tablet=&#8221;90%&#8221; inner_width_phone=&#8221;90%&#8221; inner_width_last_edited=&#8221;on|tablet&#8221; inner_max_width=&#8221;1140px&#8221; inner_max_width_tablet=&#8221;90%&#8221; inner_max_width_phone=&#8221;90%&#8221; inner_max_width_last_edited=&#8221;on|tablet&#8221; custom_padding=&#8221;0px||0px||true|&#8221;][et_pb_column type=&#8221;1_3&#8243; _builder_version=&#8221;3.25&#8243; custom_padding=&#8221;|||&#8221; custom_padding__hover=&#8221;|||&#8221;][\/et_pb_column][et_pb_column type=&#8221;2_3&#8243; specialty_columns=&#8221;2&#8243; _builder_version=&#8221;3.25&#8243; custom_padding=&#8221;|||&#8221; custom_padding__hover=&#8221;|||&#8221;][et_pb_row_inner _builder_version=&#8221;4.3.2&#8243; custom_padding=&#8221;20%||20%||true|false&#8221;][et_pb_column_inner saved_specialty_column_type=&#8221;2_3&#8243; _builder_version=&#8221;3.25.3&#8243;][et_pb_text _builder_version=&#8221;4.3.2&#8243; text_font=&#8221;Muli|500|||||||&#8221; text_text_color=&#8221;#ffffff&#8221; text_font_size=&#8221;19px&#8221; text_line_height=&#8221;1.8em&#8221; background_color=&#8221;rgba(0,0,0,0.84)&#8221; text_orientation=&#8221;center&#8221; custom_padding=&#8221;20px|20px|20px|20px|true|true&#8221;]<\/p>\n<p>Nasza us\u0142uga to co\u015b wi\u0119cej ni\u017c windykacja wierzytelno\u015bci. Wsp\u00f3\u0142praca z WINDYKATORZY.COM to wsparcie ludzi do\u015bwiadczonych, kreatywnych i konsekwentnych. Podstaw\u0105 sukcesu przedsi\u0119biorcy nie jest sprzeda\u017c towaru czy us\u0142ugi, ale uzyskanie zap\u0142aty za to.<\/p>\n<p>[\/et_pb_text][\/et_pb_column_inner][\/et_pb_row_inner][\/et_pb_column][\/et_pb_section][et_pb_section fb_built=&#8221;1&#8243; _builder_version=&#8221;4.3.2&#8243; background_color=&#8221;#e02b20&#8243; custom_padding=&#8221;18px||18px||true&#8221;][et_pb_row use_custom_gutter=&#8221;on&#8221; gutter_width=&#8221;2&#8243; make_equal=&#8221;on&#8221; _builder_version=&#8221;3.25.3&#8243; width=&#8221;98%&#8221; width_tablet=&#8221;90%&#8221; width_phone=&#8221;90%&#8221; width_last_edited=&#8221;on|tablet&#8221; max_width=&#8221;1140px&#8221; max_width_tablet=&#8221;90%&#8221; max_width_phone=&#8221;90%&#8221; max_width_last_edited=&#8221;on|phone&#8221;][et_pb_column type=&#8221;4_4&#8243; _builder_version=&#8221;3.25.3&#8243;][et_pb_text _builder_version=&#8221;4.3.2&#8243; header_font=&#8221;Poppins|800|||||||&#8221; header_text_align=&#8221;center&#8221; header_text_color=&#8221;#ffffff&#8221; header_line_height=&#8221;1.9em&#8221; custom_margin=&#8221;||&#8221; custom_padding=&#8221;10px||&#8221; header_font_size_tablet=&#8221;&#8221; header_font_size_phone=&#8221;25px&#8221; header_font_size_last_edited=&#8221;on|desktop&#8221; header_line_height_tablet=&#8221;&#8221; header_line_height_phone=&#8221;1.3em&#8221; header_line_height_last_edited=&#8221;on|desktop&#8221;]<\/p>\n<h1>Z WINDYKATORZY.COM pewne s\u0105\u2026 \u015bmier\u0107, podatki i\u2026 zap\u0142ata d\u0142ug\u00f3w!<\/h1>\n<p>[\/et_pb_text][\/et_pb_column][\/et_pb_row][\/et_pb_section]<\/p>\n","protected":false},"excerpt":{"rendered":"<p>[et_pb_section fb_built=&#8221;1&#8243; _builder_version=&#8221;4.3.2&#8243; background_enable_color=&#8221;off&#8221; use_background_color_gradient=&#8221;on&#8221; background_color_gradient_start=&#8221;rgba(255,255,255,0.84)&#8221; background_color_gradient_end=&#8221;rgba(255,255,255,0)&#8221; background_color_gradient_direction=&#8221;130deg&#8221; background_image=&#8221;http:\/\/serwer2200102.home.pl\/windykatorzy\/wp-content\/uploads\/2020\/05\/canary-islands-91013_1280.jpg&#8221; background_blend=&#8221;overlay&#8221; custom_padding=&#8221;7.5%||7.5%||true|&#8221;][et_pb_row use_custom_gutter=&#8221;on&#8221; gutter_width=&#8221;2&#8243; make_equal=&#8221;on&#8221; _builder_version=&#8221;3.25.3&#8243; width=&#8221;98%&#8221; width_tablet=&#8221;90%&#8221; width_phone=&#8221;90%&#8221; width_last_edited=&#8221;on|tablet&#8221; max_width=&#8221;1140px&#8221; max_width_tablet=&#8221;90%&#8221; max_width_phone=&#8221;90%&#8221; max_width_last_edited=&#8221;on|phone&#8221; custom_margin=&#8221;|auto||131px||&#8221; animation_style=&#8221;slide&#8221; animation_direction=&#8221;left&#8221;][et_pb_column type=&#8221;4_4&#8243; _builder_version=&#8221;3.25.3&#8243;][et_pb_text _builder_version=&#8221;4.3.2&#8243; header_font=&#8221;Poppins|700||on|||||&#8221; header_text_color=&#8221;#2c394c&#8221; header_font_size=&#8221;50px&#8221; header_line_height=&#8221;1.1em&#8221; max_width=&#8221;700px&#8221; max_width_tablet=&#8221;70%&#8221; max_width_phone=&#8221;70%&#8221; max_width_last_edited=&#8221;on|tablet&#8221; custom_margin=&#8221;-23px||&#8221; header_font_size_tablet=&#8221;&#8221; header_font_size_phone=&#8221;25px&#8221; header_font_size_last_edited=&#8221;on|desktop&#8221; header_line_height_tablet=&#8221;&#8221; header_line_height_phone=&#8221;1.3em&#8221; header_line_height_last_edited=&#8221;on|desktop&#8221;] FAQ &#8211; windykacja [\/et_pb_text][et_pb_text _builder_version=&#8221;4.3.2&#8243; text_font=&#8221;Muli||||||||&#8221; text_text_color=&#8221;#000000&#8243; text_font_size=&#8221;18px&#8221; text_line_height=&#8221;1.8em&#8221; text_orientation=&#8221;justified&#8221; max_width=&#8221;489px&#8221; [&hellip;]<\/p>\n","protected":false},"author":2,"featured_media":0,"parent":0,"menu_order":0,"comment_status":"closed","ping_status":"closed","template":"","meta":{"_et_pb_use_builder":"on","_et_pb_old_content":"","_et_gb_content_width":""},"yst_prominent_words":[153,147,146,64,168,166,71,149,70,167,77,72,154,169,165,63,67,73,148,161],"_links":{"self":[{"href":"http:\/\/windykatorzy.com\/index.php\/wp-json\/wp\/v2\/pages\/15"}],"collection":[{"href":"http:\/\/windykatorzy.com\/index.php\/wp-json\/wp\/v2\/pages"}],"about":[{"href":"http:\/\/windykatorzy.com\/index.php\/wp-json\/wp\/v2\/types\/page"}],"author":[{"embeddable":true,"href":"http:\/\/windykatorzy.com\/index.php\/wp-json\/wp\/v2\/users\/2"}],"replies":[{"embeddable":true,"href":"http:\/\/windykatorzy.com\/index.php\/wp-json\/wp\/v2\/comments?post=15"}],"version-history":[{"count":9,"href":"http:\/\/windykatorzy.com\/index.php\/wp-json\/wp\/v2\/pages\/15\/revisions"}],"predecessor-version":[{"id":336,"href":"http:\/\/windykatorzy.com\/index.php\/wp-json\/wp\/v2\/pages\/15\/revisions\/336"}],"wp:attachment":[{"href":"http:\/\/windykatorzy.com\/index.php\/wp-json\/wp\/v2\/media?parent=15"}],"wp:term":[{"taxonomy":"yst_prominent_words","embeddable":true,"href":"http:\/\/windykatorzy.com\/index.php\/wp-json\/wp\/v2\/yst_prominent_words?post=15"}],"curies":[{"name":"wp","href":"https:\/\/api.w.org\/{rel}","templated":true}]}}